 tens digit of 65058429?
2
What is the ten thousands digit of 1067872127?
7
What is the ten thousands digit of 1390602593?
0
What is the hundred millions digit of 713687211?
7
What is the hundred millions digit of 9105608668?
1
What is the millions digit of 93546185?
3
What is the ten millions digit of 708558554?
0
What is the thousands digit of 755161696?
1
What is the hundreds digit of 50323353?
3
What is the thousands digit of 141105425?
5
What is the hundred millions digit of 1791514641?
7
What is the units digit of 196063064?
4
What is the hundreds digit of 68020475?
4
What is the hundred thousands digit of 9050968?
0
What is the ten millions digit of 1840230909?
4
What is the millions digit of 117149453?
7
What is the thousands digit of 71304355?
4
What is the hundred thousands digit of 128956104?
9
What is the hundred thousands digit of 342674683?
6
What is the units digit of 149196509?
9
What is the millions digit of 39609800?
9
What is the hundred thousands digit of 753828682?
8
What is the millions digit of 42218260?
2
What is the ten millions digit of 305810570?
0
What is the hundreds digit of 295406415?
4
What is the units digit of 3361843278?
8
What is the tens digit of 592909186?
8
What is the millions digit of 151106820?
1
What is the ten thousands digit of 368275077?
7
What is the ten thousands digit of 821233606?
3
What is the units digit of 32642535?
5
What is the thousands digit of 114944510?
4
What is the hundred millions digit of 697297746?
6
What is the millions digit of 12256480?
2
What is the hundred millions digit of 173922689?
1
What is the units digit of 179816727?
7
What is the units digit of 4494361246?
6
What is the tens digit of 33269917?
1
What is the hundreds digit of 94363984?
9
What is the thousands digit of 360914668?
4
What is the units digit of 42541431?
1
What is the units digit of 1189513575?
5
What is the ten millions digit of 171449335?
7
What is the hundreds digit of 1451208309?
3
What is the units digit of 123279243?
3
What is the hundred millions digit of 982018687?
9
What is the millions digit of 5512581?
5
What is the hundred thousands digit of 277108929?
1
What is the hundreds digit of 38300244?
2
What is the ten thousands digit of 315614380?
1
What is the tens digit of 4626953617?
1
What is the millions digit of 5010109663?
0
What is the tens digit of 2149024867?
6
What is the tens digit of 155690992?
9
What is the ten millions digit of 260896406?
6
What is the hundred millions digit of 668031713?
6
What is the hundred thousands digit of 1246197042?
1
What is the hundred thousands digit of 774683?
7
What is the millions digit of 117785254?
7
What is the tens digit of 301763?
6
What is the hundred thousands digit of 43486424?
4
What is the ten thousands digit of 1749519267?
1
What is the millions digit of 3882614806?
2
What is the tens digit of 3074939808?
0
What is the ten thousands digit of 514304108?
0
What is the ten thousands digit of 30949098?
4
What is the millions digit of 222372107?
2
What is the units digit of 583703551?
1
What is the hundred thousands digit of 6237261?
2
What is the ten millions digit of 186018200?
8
What is the hundred thousands digit of 946640809?
6
What is the tens digit of 152858097?
9
What is the hundred millions digit of 403303296?
4
What is the millions digit of 55598744?
5
What is the hundreds digit of 405002368?
3
What is the billions digit of 2001776610?
2
What is the ten millions digit of 2651865760?
5
What is the units digit of 37884643?
3
What is the ten thousands digit of 183242105?
4
What is the millions digit of 27858477?
7
What is the hundred thousands digit of 163721188?
7
What is the hundred thousands digit of 2096851?
0
What is the units digit of 77777974?
4
What is the hundred thousands digit of 338866346?
8
What is the hundred millions digit of 3240693475?
2
What is the ten millions digit of 408117953?
0
What is the millions digit of 104467431?
4
What is the tens digit of 51104935?
3
What is the units digit of 1550652?
2
What is the units digit of 78727428?
8
What is the tens digit of 247369588?
8
What is the hundred thousands digit of 269964023?
9
What is the units digit of 21299450?
0
What is the hundred millions digit of 645567938?
6
What is the ten thousands digit of 77899027?
9
What is the units digit of 1845404097?
7
What is the hundred millions digit of 460194074?
4
What is the ten millions digit of 127989836?
2
What is the hundred thousands digit of 54491770?
4
What is the hundred thousands digit of 14786190?
7
What is the hundred thousands digit of 232723105?
7
What is the millions digit of 9737343?
9
What is the units digit of 328392722?
2
What is the hundred thousands digit of 7602501754?
5
What is the hundreds digit of 16963929?
9
What is the millions digit of 1031143294?
1
What is the hundreds digit of 6068441?
4
What is the tens digit of 35018023?
2
What is the ten thousands digit of 2507116864?
1
What is the thousands digit of 63287079?
7
What is the hundred millions digit of 328825595?
3
What is the units digit of 4706928006?
6
What is the thousands digit of 1010606414?
6
What is the ten thousands digit of 1257708426?
0
What is the ten millions digit of 381496061?
8
What is the thousands digit of 4008423131?
3
What is the ten thousands digit of 740529786?
2
What is the tens digit of 988246247?
4
What is the hundreds digit of 66720976?
9
What is the ten thousands digit of 73161547?
6
What is the units digit of 603861242?
2
What is the tens digit of 72877594?
9
What is the thousands digit of 9688062?
8
What is the tens digit of 5428478613?
1
What is the units digit of 175260832?
2
What is the thousands digit of 2004849213?
9
What is the hundreds digit of 4074968853?
8
What is the hundreds digit of 100587859?
8
What is the billions digit of 4788890704?
4
What is the units digit of 7062537?
7
What is the tens digit of 991092329?
2
What is the hundreds digit of 68503274?
2
What is the millions digit of 2910513?
2
What is the thousands digit of 38613952?
3
What is the units digit of 22334692?
2
What is the hundred millions digit of 2584426393?
5
What is the hundreds digit of 20337201?
2
What is the hundreds digit of 38384931?
9
What is the hundreds digit of 498530656?
6
What is the ten thousands digit of 4258068328?
6
What is the hundreds digit of 2503659906?
9
What is the hundreds digit of 302495696?
6
What is the units digit of 5199753087?
7
What is the units digit of 444166765?
5
What is the billions digit of 4630294088?
4
What is the millions digit of 33429548?
3
What is the ten thousands digit of 56005390?
0
What is the ten millions digit of 1319869081?
1
What is the ten millions digit of 6828403286?
2
What is the ten millions digit of 87215290?
8
What is the ten thousands digit of 548310217?
1
What is the thousands digit of 29415102?
5
What is the ten millions digit of 285809056?
8
What is the units digit of 21969122?
2
What is the ten thousands digit of 329729107?
2
What is the units digit of 468664805?
5
What is the millions digit of 57064345?
7
What is the ten millions digit of 144907584?
4
What is the ten millions digit of 369035131?
6
What is the millions digit of 6553049080?
3
What is the ten thousands digit of 326625364?
2
What is the ten thousands digit of 39209924?
0
What is the tens digit of 1133437863?
6
What is the ten millions digit of 1888945727?
8
What is the units digit of 1379697795?
5
What is the ten millions digit of 571372190?
7
What is the units digit of 1370761181?
1
What is the hundred millions digit of 157580530?
1
What is the ten millions digit of 678383529?
7
What is the units digit of 2182015105?
5
What is the thousands digit of 465771358?
1
What is the ten thousands digit of 9533443?
3
What is the tens digit of 1009463270?
7
What is the ten thousands digit of 1411179194?
7
What is the ten millions digit of 132517515?
3
What is the thousands digit of 106653046?
3
What is the ten millions digit of 175736067?
7
What is the ten thousands digit of 4173874905?
7
What is the hundred millions digit of 161363052?
1
What is the units digit of 26561368?
8
What is the tens digit of 44453071?
7
What is the thousands digit of 612260181?
0
What is the ten thousands digit of 1249921730?
2
What is the units digit of